n base 7, what is -3 - 121121632?
-121121635
In base 8, what is -62411 + -5574?
-70205
In base 4, what is -101202200331 - 3?
-101202201000
In base 4, what is -3 - 103202323311?
-103202323320
In base 13, what is 41cb768 - 1?
41cb767
In base 5, what is 1031122 + 12432?
1044104
In base 12, what is -1a5880 + -51?
-1a5911
In base 14, what is 3715bb + -31?
37158a
In base 7, what is 1 + 22105134?
22105135
In base 14, what is -1 - 43400a8?
-43400a9
In base 15, what is -5 - 1d9ec1?
-1d9ec6
In base 2, what is 110001111001111111 + 1100100?
110001111011100011
In base 8, what is 263 - -66262?
66545
In base 8, what is -335364153 - 4?
-335364157
In base 15, what is -140 - -106e4b?
106d0b
In base 14, what is 30b - -16b6?
19c3
In base 2, what is 10001100010000001111001001 - 101?
10001100010000001111000100
In base 2, what is 11 - -1010000101011101111111110110?
1010000101011101111111111001
In base 6, what is 402 + 2314030?
2314432
In base 6, what is 322 + -115321440?
-115321114
In base 2, what is -111 + -101111110101101100011?
-101111110101101101010
In base 8, what is -4024 + 306547?
302523
In base 16, what is 4 + -7a36eb?
-7a36e7
In base 12, what is 1b0 + 105431?
105621
In base 13, what is -b02 - -1490a?
13b08
In base 9, what is 108861 + 36?
110007
In base 4, what is 220322 + -22330?
131332
In base 3, what is 100 - -210010120212220?
210010120220020
In base 13, what is 111537a - 40?
111533a
In base 2, what is 101 + -1101111001001010110000?
-1101111001001010101011
In base 8, what is -53 + -22765743?
-22766016
In base 15, what is -1a443932 + -4?
-1a443936
In base 15, what is -384e + -1b41?
-5490
In base 2, what is -10101 - -10001000001001010000?
10001000001000111011
In base 10, what is 85032897 - 5?
85032892
In base 8, what is 173254 + -115?
173137
In base 12, what is a5a15 + 1a?
a5a33
In base 11, what is 50 - 111455?
-111405
In base 11, what is -25 - -203964?
20393a
In base 9, what is 757 - 407484?
-406626
In base 4, what is -33 + 13333121033?
13333121000
In base 12, what is ab + 15b5937?
15b5a26
In base 13, what is 33b515 + 24?
33b539
In base 3, what is -1 - -111011022200121?
111011022200120
In base 3, what is 1221 + 11102220211001?
11102220212222
In base 7, what is -2403563 - 552?
-2404445
In base 3, what is 22222012 + -12022?
22202220
In base 15, what is -9dc5263 - -4?
-9dc525e
In base 14, what is -113572 + -25?
-113597
In base 12, what is -7 + -62b821?
-62b828
In base 15, what is -59 + -e2e13?
-e2e6c
In base 12, what is 2 - 157a098?
-157a096
In base 9, what is 2 + -12615882?
-12615880
In base 9, what is -1004016183 + 4?
-1004016178
In base 5, what is -40311411442 - 22?
-40311412014
In base 5, what is 12330 + 210101?
222431
In base 4, what is 3000 - -32320231031?
32320300031
In base 3, what is 0 + -2012101222221?
-2012101222221
In base 4, what is -111120 - -22103310?
21332130
In base 6, what is -2102233553 + -1?
-2102233554
In base 16, what is -6f2186a - -a?
-6f21860
In base 16, what is -c + -faab98?
-faaba4
In base 14, what is 203a1 - 10?
20391
In base 12, what is -5b4a2 - -92?
-5b410
In base 13, what is 33 - -22611?
22644
In base 13, what is -6a9009c - -1?
-6a9009b
In base 9, what is -22 + 368616?
368584
In base 16, what is -5 - 8deccb?
-8decd0
In base 4, what is -33122201313 + -3103?
-33122211022
In base 12, what is -477061 + 36?
-477027
In base 3, what is -122021 + -102111102?
-110010200
In base 14, what is 153825d + -1?
153825c
In base 9, what is 3582 + -83?
3488
In base 2, what is 111101101 + -11111010001010?
-11110010011101
In base 13, what is 585917 - -7?
585921
In base 14, what is -10 - 5978b1?
-5978c1
In base 4, what is 221 - -21211130?
21212011
In base 8, what is 0 - -13320112?
13320112
In base 8, what is 13257 - -1544?
15023
In base 2, what is 11010011111100 - -11010110?
11010111010010
In base 14, what is 4 - 118919?
-118915
In base 16, what is d + b68d80?
b68d8d
In base 6, what is 3 + 301004251?
301004254
In base 13, what is 5 + 30cb953?
30cb958
In base 4, what is 220000321200 + 11?
220000321211
In base 3, what is 1 - 102001120201222221?
-102001120201222220
In base 6, what is 232322513 - 55?
232322414
In base 3, what is -111020122002 - -1021?
-111020120211
In base 12, what is 20971982 - -b?
20971991
In base 11, what is -a0 - 121262?
-121352
In base 12, what is 6602 - 1b5?
6409
In base 12, what is 378 - -427a9?
42b65
In base 8, what is -46 + 57711474?
57711426
In base 15, what is 3409e - 81?
3401d
In base 16, what is 8c65376 - 3?
8c65373
In base 2, what is -1001111101010 + 11011011100011010?
11010001100110000
In base 16, what is -8a1d1bc + -5?
-8a1d1c1
In base 15, what is 5d9 + 485?
a6e
In base 2, what is 10 + -11001110111011111001?
-11001110111011110111
In base 10, what is -23033 + 3270?
-19763
In base 16, what is 6b13a + -7?
6b133
In base 7, what is -51 + -63110236?
-63110320
In base 14, what is -1b72 - -58d?
-15c3
In base 8, what is 34 - 1365134?
-1365100
In base 12, what is -21 + -2895568?
-2895589
In base 6, what is -1 - -324102331?
324102330
In base 11, what is -73 + 280879?
280806
In base 8, what is -4 - -106023236?
106023232
In base 5, what is -22404240 + -42?
-22404332
In base 5, what is 43003044 - 412?
43002132
In base 6, what is 40122 - -1552?
42114
In base 8, what is -227 - -1454406?
1454157
In base 8, what is 5 - 10032571?
-10032564
In base 16, what is -ba + cb6?
bfc
In base 13, what is -373276 - -73?
-373203
In base 14, what is 7494a353 - -3?
7494a356
In base 15, what is -19444 + 14?
-19430
In base 2, what is 1010001111101100100 + 11110?
1010001111110000010
In base 8, what is -1 - 415417530?
-415417531
In base 6, what is 25 + 121351?
121420
In base 2, what is -110011100000000 - -100100010101?
-101110111101011
In base 5, what is -42020030 - -414?
-42014111
In base 2, what is 1010111100 - -100000100101110?
100001111101010
In base 10, what is 21 + 1669236?
1669257
In base 10, what is 8 + 102468569?
102468577
In base 8, what is -4237602 + -416?
-4240220
In base 6, what is 14 + -1000325235?
-1000325221
In base 14, what is a3d19b4 + -5?
a3d19ad
In base 4, what is 2302220101 + -2120?
2302211321
In base 3, what is 12 - -1011100100200210222?
1011100100200211011
In base 8, what is 236340 + -250?
236070
In base 7, what is 4430 - 3611?
516
In base 14, what is db0396 - -63?
db0419
In base 11, what is -7 - -392624?
392618
In base 14, what is -3d51 - -10aa?
-2c85
In base 12, what is -5846 - -5a?
-57a8
In base 3, what is -111021201100 + 2?
-111021201021
In base 8, what is 130730520 + -4?
130730514
In base 9, what is 117184 + -7?
117176
In base 2, what is -1111110101000000000110100 + 100111?
-1111110101000000000001101
In base 7, what is 203324 + 1304?
204631
In base 6, what is 21205051 + -11?
21205040
In base 4, what is 2232 + 10020122301?
10020131133
In base 6, what is 3 - 33110432?
-33110425
In base 8, what is 2112520 + -47?
2112451
In base 14, what is 139b1 + -5b?
13954
In base 5, what is -2032 - 1304000?
-1311032
In base 4, what is -200 - 102211110221?
-102211111021
In base 2, what is -10001001111011 - 1111001?
-10001011110100
In base 16, what is 16d6 + -5e0?
10f6
In base 15, what is -d1 - 634a1?
-63582
In base 5, what is -141 + 4100140?
4044444
In base 15, what is 3a22 - 3387?
68a
In base 15, what is 95 + 122e80a?
122e8a0
In base 2, what is -10001111100000100 + -1000011111?
-10010000100100011
In base 8, what is -305171600 + -4?
-305171604
In base 12, what is -10 + 821290?
821280
In base 4, what is 203 - 221323312131?
-221323311322
In base 9, what is -6042 + -625?
-6667
In base 3, what is -111212 + -10001000120?
-10001112102
In base 13, what is 7a + -11333?
-11286
In base 11, what is 38282 - 2616?
35767
In base 6, what is 1333202305 + 31?
1333202340
In base 4, what is -2 + 13321101330?
13321101322
In base 9, what is -15162424 + 5?
-15162418
In base 14, what is -2141 - -d43?
-11dc
In base 10, what is -1082439369 - -4?
-1082439365
In base 6, what is 4502 + 51015?
55521
In base 15, what is 1b164 - -1?
1b165
In base 10, what is 188 + -145878?
-145690
In base 12, what is 296 + 26925?
26bbb
In base 2, what is 10001 - 111011110010101101101?
-111011110010101011100
In base 12, what is 60 - -15092a3?
1509343
In base 16, what is 2c - -5dc73?
5dc9f
In base 11, what is 5a17 + -354?
5673
In base 10, what is -972 - 335701?
-336673
In base 15, what is 1d + 7